{"id":413,"date":"2020-05-27T08:10:21","date_gmt":"2020-05-27T08:10:21","guid":{"rendered":"https:\/\/veterinakg.co.rs\/?page_id=413"},"modified":"2020-07-02T08:37:55","modified_gmt":"2020-07-02T08:37:55","slug":"interna","status":"publish","type":"page","link":"https:\/\/veterinakg.co.rs\/index.php\/interna\/","title":{"rendered":"Interna"},"content":{"rendered":"<p>[et_pb_section fb_built=&#8221;1&#8243; prev_background_color=&#8221;#ffffff&#8221; admin_label=&#8221;About&#8221; _builder_version=&#8221;3.23.3&#8243; background_color=&#8221;#fff6ef&#8221; use_background_color_gradient=&#8221;on&#8221; background_color_gradient_start=&#8221;#fff6ef&#8221; background_color_gradient_end=&#8221;#ffffff&#8221; background_image=&#8221;https:\/\/veterinakg.co.rs\/wp-content\/uploads\/2020\/05\/vet-07.png&#8221; background_size=&#8221;initial&#8221; background_position=&#8221;top_center&#8221; custom_padding=&#8221;10vw||&#8221; top_divider_style=&#8221;wave&#8221; top_divider_height=&#8221;20vw&#8221;][et_pb_row column_structure=&#8221;1_3,2_3&#8243; _builder_version=&#8221;3.25&#8243;][et_pb_column type=&#8221;1_3&#8243; _builder_version=&#8221;3.25&#8243; custom_padding=&#8221;40px|||&#8221; custom_padding__hover=&#8221;|||&#8221;][et_pb_text _builder_version=&#8221;4.4.7&#8243; text_font=&#8221;||||||||&#8221; text_font_size=&#8221;18px&#8221; text_line_height=&#8221;1.8em&#8221; header_font=&#8221;||||||||&#8221; header_2_font=&#8221;Nunito|700|||||||&#8221; header_2_font_size=&#8221;42px&#8221; header_2_line_height=&#8221;1.4em&#8221; text_font_size_tablet=&#8221;&#8221; text_font_size_phone=&#8221;14px&#8221; text_font_size_last_edited=&#8221;on|phone&#8221; header_2_font_size_tablet=&#8221;&#8221; header_2_font_size_phone=&#8221;26px&#8221; header_2_font_size_last_edited=&#8221;on|phone&#8221; locked=&#8221;off&#8221;]<\/p>\n<h2>Interna<\/h2>\n<p>[\/et_pb_text][\/et_pb_column][et_pb_column type=&#8221;2_3&#8243; _builder_version=&#8221;3.25&#8243; custom_padding=&#8221;|||&#8221; custom_padding__hover=&#8221;|||&#8221;][et_pb_image src=&#8221;https:\/\/veterinakg.co.rs\/wp-content\/uploads\/2020\/05\/pas-i-macka_pxby.jpg&#8221; title_text=&#8221;pas-i-macka_pxby&#8221; _builder_version=&#8221;4.4.7&#8243;][\/et_pb_image][\/et_pb_column][\/et_pb_row][et_pb_row custom_padding_last_edited=&#8221;on|phone&#8221; _builder_version=&#8221;3.25&#8243; background_color=&#8221;#ffffff&#8221; background_size=&#8221;initial&#8221; background_position=&#8221;bottom_right&#8221; custom_margin=&#8221;30px||30px||true&#8221; custom_padding=&#8221;60px|60px|60px|60px|true|true&#8221; custom_padding_tablet=&#8221;&#8221; custom_padding_phone=&#8221;|30px||30px||true&#8221; border_radii=&#8221;on|10px|10px|10px|10px&#8221; box_shadow_style=&#8221;preset3&#8243; box_shadow_vertical=&#8221;90px&#8221; box_shadow_blur=&#8221;180px&#8221; box_shadow_spread=&#8221;-30px&#8221; box_shadow_color=&#8221;rgba(0,0,0,0.12)&#8221;][et_pb_column type=&#8221;4_4&#8243; _builder_version=&#8221;3.25&#8243; custom_padding=&#8221;|||&#8221; custom_padding__hover=&#8221;|||&#8221;][et_pb_text _builder_version=&#8221;4.4.7&#8243; text_font=&#8221;||||||||&#8221; text_font_size=&#8221;18px&#8221; text_line_height=&#8221;1.8em&#8221; header_font=&#8221;||||||||&#8221; header_2_font=&#8221;Nunito|700|||||||&#8221; header_2_font_size=&#8221;42px&#8221; header_2_line_height=&#8221;1.4em&#8221; hover_enabled=&#8221;0&#8243; text_font_size_tablet=&#8221;&#8221; text_font_size_phone=&#8221;14px&#8221; text_font_size_last_edited=&#8221;on|phone&#8221; header_2_font_size_tablet=&#8221;&#8221; header_2_font_size_phone=&#8221;26px&#8221; header_2_font_size_last_edited=&#8221;on|phone&#8221;]<\/p>\n<p><span style=\"font-size: 18px;\"><span>Problemi sa u\u0161ima su naj\u010de\u0161\u0107i zdravstveni problemi koji se mogu videti u svim veterinarskim ambulantama.U\u010destalost ovih problema le\u017ei u \u010dinjenici da je grada usnog kanala kod pasa idealna sredina za \u017eivot mikroorganizama. Slaba ventilacija,nabori usne \u0161koljke, polo\u017eaj usnog kanala su samo neki od faktora koji \u010dine uvo idealnom sredinom za razvoj mikroorganizama. Primer za psa koji je najpodlo\u017eniji ovakvim problemima je koker spanijel.<\/span><\/p>\n<p><\/span><span style=\"font-size: 18px;\"><span>Naj\u010de\u0161\u0107i \u201cokida\u010d\u201d za nastanak infekcije je ulazak te\u010dnosti u usni kanal. Usled slabe ventilacije voda te\u017ee isparava,a toplota i sadr\u017eaj koji se u usnom kanalu normalno nalazi \u010dine idealnu kombinaciju za rast bakterija. Vla\u017eno, toplo i tamno je kombinacija u kojoj bakterije najbolje uspevaju. U usnom kanalu i normalno postoje bakterije koje ne izazivaju oboljenje. Me\u0111utim kada se susretnu lo\u0161i uslovi-vla\u017enost, prljav\u0161tina, toplota i pogre\u0161ne bakterije-Staphylococcus i Pseudomonas, koje mogu da prevladaju normalnu mikrofloru, dolazi do oboljenja.<\/span><\/p>\n<p><\/span><span style=\"font-size: 18px;\"><span>Usled reakcije tkiva na infekciju lu\u010di se vi\u0161e usne masti, dolazi do upale, pove\u0107anje dotoka krvi \u0161to dovodi do pove\u0107anja temperature, lu\u010di se histamin \u2013 materija koja dovodi do svraba i \u010de\u0161anja a usled toga i do otoka i o\u0161te\u0107enja tkiva. Sve ovo dovodi do velikog problema na koji se mora brzo reagovati da ne bi ovakvo akutno stanje preslo u hroni\u010dnu infekciju koju je vrlo te\u0161ko le\u010diti.<\/span><\/p>\n<p><span>Prvi korak u le\u010denju upale spolja\u0161njeg usnog kanala je temeljno i dubinsko \u010di\u0161\u0107enje uha.Veterinar ce odrediti vrstu antibiotika i na\u010din davanja u zavisnosti od ura\u0111enog antibiograma i te\u017eine infekcije.Tako\u0111e \u0107e odlu\u010diti i o kori\u0161\u0107enju kapi za u\u0161i.Odre\u0111ivanje vrste infekcije je vrlo bitno jer se pored bakterija u uhu mogu na\u0107i i gljivice i paraziti a ovo je veoma bitno jer se prema tome i odre\u0111uje terapija.<\/span><br<span>De\u0161ava se da i pored terapije upala uha ne mo\u017ee biti sanirana pa se pristupa hiru\u0161kom re\u0161enju problema,posebno kod hroni\u010dnih infekcija.<\/span><span>Sve ovo se mo\u017ee izbe\u0107i redovnom kontrolom usnog kanala i na svaku sumnjivu promenu u izgledu uha treba se obratiti veterinaru koji \u0107e na osnovu pregleda ustanoviti o \u010demu se radi.<\/span><\/span><\/p>\n<p>[\/et_pb_text][\/et_pb_column][\/et_pb_row][\/et_pb_section][et_pb_section fb_built=&#8221;1&#8243; admin_label=&#8221;Footer&#8221; _builder_version=&#8221;4.4.7&#8243; use_background_color_gradient=&#8221;on&#8221; background_color_gradient_start=&#8221;#ff8e8e&#8221; background_color_gradient_end=&#8221;rgba(255,112,0,0.29)&#8221; background_color_gradient_direction=&#8221;221deg&#8221; background_image=&#8221;https:\/\/veterinakg.co.rs\/wp-content\/uploads\/2020\/05\/vet-30.png&#8221; background_size=&#8221;contain&#8221; background_position=&#8221;top_center&#8221; custom_padding=&#8221;2px|||||&#8221; background_last_edited=&#8221;off|phone&#8221; use_background_color_gradient_tablet=&#8221;on&#8221; use_background_color_gradient_phone=&#8221;on&#8221; background_color_gradient_end_tablet=&#8221;rgba(255,112,0,0)&#8221; background_color_gradient_end_phone=&#8221;rgba(255,112,0,0)&#8221; background_color_gradient_direction_tablet=&#8221;180deg&#8221; background_color_gradient_start_position_phone=&#8221;36%&#8221; background_color_gradient_end_position_tablet=&#8221;100%&#8221; background_color_gradient_end_position_phone=&#8221;100%&#8221; background_image_tablet=&#8221;http:\/\/zaib.sandbox.etdevs.com\/divi\/wp-content\/uploads\/sites\/2\/2019\/05\/vet-03.png&#8221; background_size_tablet=&#8221;cover&#8221; background_position_tablet=&#8221;bottom_center&#8221; border_style_all_tablet=&#8221;&#8221; border_style_all_phone=&#8221;&#8221; border_style_all_last_edited=&#8221;on|tablet&#8221; global_module=&#8221;837&#8243; locked=&#8221;off&#8221;][et_pb_row column_structure=&#8221;1_2,1_2&#8243; _builder_version=&#8221;3.25&#8243;][et_pb_column type=&#8221;1_2&#8243; _builder_version=&#8221;3.25&#8243; custom_padding=&#8221;|||&#8221; custom_padding__hover=&#8221;|||&#8221;][et_pb_blurb title=&#8221;Po\u0161aljite poruku&#8221; image=&#8221;https:\/\/veterinakg.co.rs\/wp-content\/uploads\/2020\/05\/veterinarian-icon-6.png&#8221; _builder_version=&#8221;4.4.7&#8243; header_font=&#8221;Nunito|700|||||||&#8221; header_font_size=&#8221;24px&#8221; header_line_height=&#8221;1.1em&#8221; body_font=&#8221;||||||||&#8221; body_link_font=&#8221;Nunito|700|||||||&#8221; body_link_text_color=&#8221;#316eff&#8221; background_color=&#8221;#ffffff&#8221; text_orientation=&#8221;center&#8221; custom_margin=&#8221;||10px&#8221; custom_padding=&#8221;40px|30px|40px|30px|true|true&#8221; header_font_size_tablet=&#8221;&#8221; header_font_size_phone=&#8221;18px&#8221; header_font_size_last_edited=&#8221;on|phone&#8221; border_radii=&#8221;on|10px|10px|10px|10px&#8221; box_shadow_style=&#8221;preset3&#8243; box_shadow_vertical=&#8221;60px&#8221; box_shadow_blur=&#8221;120px&#8221; box_shadow_color=&#8221;rgba(0,0,0,0.2)&#8221; locked=&#8221;off&#8221;]<\/p>\n<p><a href=\"mailto:info@divivet.com\"><\/a><a href=\"mailto:betamark@ptt.rs\" class=\"copy\">betamark@ptt.rs<\/a><a href=\"mailto:info@divivet.com\"><\/a><\/p>\n<p>[\/et_pb_blurb][\/et_pb_column][et_pb_column type=&#8221;1_2&#8243; _builder_version=&#8221;3.25&#8243; custom_padding=&#8221;|||&#8221; custom_padding__hover=&#8221;|||&#8221;][et_pb_blurb title=&#8221;Posetite nas&#8221; image=&#8221;https:\/\/veterinakg.co.rs\/wp-content\/uploads\/2020\/05\/veterinarian-icon-11.png&#8221; _builder_version=&#8221;4.4.7&#8243; header_font=&#8221;Nunito|700|||||||&#8221; header_font_size=&#8221;24px&#8221; header_line_height=&#8221;1.1em&#8221; body_font=&#8221;Nunito|700|||||||&#8221; body_text_color=&#8221;#316eff&#8221; body_link_font=&#8221;Nunito|700|||||||&#8221; body_link_text_color=&#8221;#316eff&#8221; background_color=&#8221;#ffffff&#8221; text_orientation=&#8221;center&#8221; custom_margin=&#8221;||10px&#8221; custom_padding=&#8221;40px|30px|40px|30px|true|true&#8221; header_font_size_tablet=&#8221;&#8221; header_font_size_phone=&#8221;18px&#8221; header_font_size_last_edited=&#8221;on|phone&#8221; border_radii=&#8221;on|10px|10px|10px|10px&#8221; box_shadow_style=&#8221;preset3&#8243; box_shadow_vertical=&#8221;60px&#8221; box_shadow_blur=&#8221;120px&#8221; box_shadow_color=&#8221;rgba(0,0,0,0.2)&#8221; locked=&#8221;off&#8221;]<\/p>\n<p>Kralja Aleksandra I Kara\u0111or\u0111evic\u0301a 124, Kragujevac 34000<\/p>\n<p>[\/et_pb_blurb][\/et_pb_column][\/et_pb_row][et_pb_row column_structure=&#8221;1_2,1_2&#8243; _builder_version=&#8221;3.25&#8243; custom_padding=&#8221;||26px|||&#8221;][et_pb_column type=&#8221;1_2&#8243; _builder_version=&#8221;3.25&#8243; custom_padding=&#8221;|||&#8221; custom_padding__hover=&#8221;|||&#8221;][et_pb_blurb title=&#8221;Pozovite nas jo\u0161 danas&#8221; image=&#8221;https:\/\/veterinakg.co.rs\/wp-content\/uploads\/2020\/05\/veterinarian-icon-2.png&#8221; _builder_version=&#8221;4.4.7&#8243; header_font=&#8221;Nunito|700|||||||&#8221; header_font_size=&#8221;24px&#8221; header_line_height=&#8221;1.1em&#8221; body_font=&#8221;Nunito|700|||||||&#8221; body_text_color=&#8221;#316eff&#8221; body_link_font=&#8221;Nunito|700|||||||&#8221; body_link_text_color=&#8221;#316eff&#8221; background_color=&#8221;#ffffff&#8221; text_orientation=&#8221;center&#8221; height=&#8221;300px&#8221; custom_margin=&#8221;||10px&#8221; custom_padding=&#8221;40px|30px|40px|30px|true|true&#8221; header_font_size_tablet=&#8221;&#8221; header_font_size_phone=&#8221;18px&#8221; header_font_size_last_edited=&#8221;on|phone&#8221; border_radii=&#8221;on|10px|10px|10px|10px&#8221; box_shadow_style=&#8221;preset3&#8243; box_shadow_vertical=&#8221;60px&#8221; box_shadow_blur=&#8221;120px&#8221; box_shadow_color=&#8221;rgba(0,0,0,0.2)&#8221; locked=&#8221;off&#8221;]<\/p>\n<p><a href=\"tel:034301751\">Pozovite 034 \/301 751<\/a><br \/> ili<br \/> <a href=\"tel:034336550\">Pozovite 034\/336 550<\/a> \u00a0<\/p>\n<p>[\/et_pb_blurb][\/et_pb_column][et_pb_column type=&#8221;1_2&#8243; _builder_version=&#8221;3.25&#8243; custom_padding=&#8221;|||&#8221; custom_padding__hover=&#8221;|||&#8221;][et_pb_blurb title=&#8221;Zapratite nas&#8221; image=&#8221;https:\/\/veterinakg.co.rs\/wp-content\/uploads\/2020\/05\/veterinarian-icon-4.png&#8221; _builder_version=&#8221;4.4.7&#8243; header_font=&#8221;Nunito|700|||||||&#8221; header_font_size=&#8221;24px&#8221; header_line_height=&#8221;1.1em&#8221; body_font=&#8221;Nunito|700|||||||&#8221; body_text_color=&#8221;#316eff&#8221; body_link_font=&#8221;Nunito|700|||||||&#8221; body_link_text_color=&#8221;#316eff&#8221; background_color=&#8221;#ffffff&#8221; text_orientation=&#8221;center&#8221; height=&#8221;300px&#8221; custom_margin=&#8221;||10px&#8221; custom_padding=&#8221;40px|30px|64px|30px|false|true&#8221; header_font_size_tablet=&#8221;&#8221; header_font_size_phone=&#8221;18px&#8221; header_font_size_last_edited=&#8221;on|phone&#8221; border_radii=&#8221;on|10px|10px|10px|10px&#8221; box_shadow_style=&#8221;preset3&#8243; box_shadow_vertical=&#8221;60px&#8221; box_shadow_blur=&#8221;120px&#8221; box_shadow_color=&#8221;rgba(0,0,0,0.2)&#8221; locked=&#8221;off&#8221;][\/et_pb_blurb][et_pb_social_media_follow _builder_version=&#8221;4.4.7&#8243; text_orientation=&#8221;center&#8221; custom_margin=&#8221;-70px||&#8221; border_radii=&#8221;on|30px|30px|30px|30px&#8221;][et_pb_social_media_follow_network social_network=&#8221;facebook&#8221; _builder_version=&#8221;4.4.7&#8243; background_color=&#8221;#3b5998&#8243; follow_button=&#8221;off&#8221; url_new_window=&#8221;on&#8221;]facebook[\/et_pb_social_media_follow_network][\/et_pb_social_media_follow][\/et_pb_column][\/et_pb_row][\/et_pb_section]<\/p>\n","protected":false},"excerpt":{"rendered":"<p>[et_pb_section fb_built=&#8221;1&#8243; prev_background_color=&#8221;#ffffff&#8221; admin_label=&#8221;About&#8221; _builder_version=&#8221;3.23.3&#8243; background_color=&#8221;#fff6ef&#8221; use_background_color_gradient=&#8221;on&#8221; background_color_gradient_start=&#8221;#fff6ef&#8221; background_color_gradient_end=&#8221;#ffffff&#8221; background_image=&#8221;https:\/\/veterinakg.co.rs\/wp-content\/uploads\/2020\/05\/vet-07.png&#8221; background_size=&#8221;initial&#8221; background_position=&#8221;top_center&#8221; custom_padding=&#8221;10vw||&#8221; top_divider_style=&#8221;wave&#8221; top_divider_height=&#8221;20vw&#8221;][et_pb_row column_structure=&#8221;1_3,2_3&#8243; _builder_version=&#8221;3.25&#8243;][et_pb_column type=&#8221;1_3&#8243; _builder_version=&#8221;3.25&#8243; custom_padding=&#8221;40px|||&#8221; custom_padding__hover=&#8221;|||&#8221;][et_pb_text _builder_version=&#8221;4.4.7&#8243; text_font=&#8221;||||||||&#8221; text_font_size=&#8221;18px&#8221; text_line_height=&#8221;1.8em&#8221; header_font=&#8221;||||||||&#8221; header_2_font=&#8221;Nunito|700|||||||&#8221; header_2_font_size=&#8221;42px&#8221; header_2_line_height=&#8221;1.4em&#8221; text_font_size_tablet=&#8221;&#8221; text_font_size_phone=&#8221;14px&#8221; text_font_size_last_edited=&#8221;on|phone&#8221; header_2_font_size_tablet=&#8221;&#8221; header_2_font_size_phone=&#8221;26px&#8221; header_2_font_size_last_edited=&#8221;on|phone&#8221; locked=&#8221;off&#8221;] Interna [\/et_pb_text][\/et_pb_column][et_pb_column type=&#8221;2_3&#8243; _builder_version=&#8221;3.25&#8243; custom_padding=&#8221;|||&#8221; custom_padding__hover=&#8221;|||&#8221;][et_pb_image src=&#8221;https:\/\/veterinakg.co.rs\/wp-content\/uploads\/2020\/05\/pas-i-macka_pxby.jpg&#8221; title_text=&#8221;pas-i-macka_pxby&#8221; _builder_version=&#8221;4.4.7&#8243;][\/et_pb_image][\/et_pb_column][\/et_pb_row][et_pb_row custom_padding_last_edited=&#8221;on|phone&#8221; _builder_version=&#8221;3.25&#8243; background_color=&#8221;#ffffff&#8221; background_size=&#8221;initial&#8221; background_position=&#8221;bottom_right&#8221; custom_margin=&#8221;30px||30px||true&#8221; custom_padding=&#8221;60px|60px|60px|60px|true|true&#8221; custom_padding_tablet=&#8221;&#8221; custom_padding_phone=&#8221;|30px||30px||true&#8221; border_radii=&#8221;on|10px|10px|10px|10px&#8221; [&hellip;]<\/p>\n","protected":false},"author":1,"featured_media":0,"parent":0,"menu_order":0,"comment_status":"closed","ping_status":"closed","template":"","meta":{"_et_pb_use_builder":"on","_et_pb_old_content":"","_et_gb_content_width":"","footnotes":""},"yoast_head":"<!-- This site is optimized with the Yoast SEO plugin v15.2.1 - https:\/\/yoast.com\/wordpress\/plugins\/seo\/ -->\n<title>Interna - Veterinarska ambulanta<\/title>\n<meta name=\"robots\" content=\"index, follow, max-snippet:-1, max-image-preview:large, max-video-preview:-1\" \/>\n<link rel=\"canonical\" href=\"https:\/\/veterinakg.co.rs\/index.php\/interna\/\" \/>\n<meta property=\"og:locale\" content=\"en_US\" \/>\n<meta property=\"og:type\" content=\"article\" \/>\n<meta property=\"og:title\" content=\"Interna - Veterinarska ambulanta\" \/>\n<meta property=\"og:description\" content=\"[et_pb_section fb_built=&#8221;1&#8243; prev_background_color=&#8221;#ffffff&#8221; admin_label=&#8221;About&#8221; _builder_version=&#8221;3.23.3&#8243; background_color=&#8221;#fff6ef&#8221; use_background_color_gradient=&#8221;on&#8221; background_color_gradient_start=&#8221;#fff6ef&#8221; background_color_gradient_end=&#8221;#ffffff&#8221; background_image=&#8221;https:\/\/veterinakg.co.rs\/wp-content\/uploads\/2020\/05\/vet-07.png&#8221; background_size=&#8221;initial&#8221; background_position=&#8221;top_center&#8221; custom_padding=&#8221;10vw||&#8221; top_divider_style=&#8221;wave&#8221; top_divider_height=&#8221;20vw&#8221;][et_pb_row column_structure=&#8221;1_3,2_3&#8243; _builder_version=&#8221;3.25&#8243;][et_pb_column type=&#8221;1_3&#8243; _builder_version=&#8221;3.25&#8243; custom_padding=&#8221;40px|||&#8221; custom_padding__hover=&#8221;|||&#8221;][et_pb_text _builder_version=&#8221;4.4.7&#8243; text_font=&#8221;||||||||&#8221; text_font_size=&#8221;18px&#8221; text_line_height=&#8221;1.8em&#8221; header_font=&#8221;||||||||&#8221; header_2_font=&#8221;Nunito|700|||||||&#8221; header_2_font_size=&#8221;42px&#8221; header_2_line_height=&#8221;1.4em&#8221; text_font_size_tablet=&#8221;&#8221; text_font_size_phone=&#8221;14px&#8221; text_font_size_last_edited=&#8221;on|phone&#8221; header_2_font_size_tablet=&#8221;&#8221; header_2_font_size_phone=&#8221;26px&#8221; header_2_font_size_last_edited=&#8221;on|phone&#8221; locked=&#8221;off&#8221;] Interna [\/et_pb_text][\/et_pb_column][et_pb_column type=&#8221;2_3&#8243; _builder_version=&#8221;3.25&#8243; custom_padding=&#8221;|||&#8221; custom_padding__hover=&#8221;|||&#8221;][et_pb_image src=&#8221;https:\/\/veterinakg.co.rs\/wp-content\/uploads\/2020\/05\/pas-i-macka_pxby.jpg&#8221; title_text=&#8221;pas-i-macka_pxby&#8221; _builder_version=&#8221;4.4.7&#8243;][\/et_pb_image][\/et_pb_column][\/et_pb_row][et_pb_row custom_padding_last_edited=&#8221;on|phone&#8221; _builder_version=&#8221;3.25&#8243; background_color=&#8221;#ffffff&#8221; background_size=&#8221;initial&#8221; background_position=&#8221;bottom_right&#8221; custom_margin=&#8221;30px||30px||true&#8221; custom_padding=&#8221;60px|60px|60px|60px|true|true&#8221; custom_padding_tablet=&#8221;&#8221; custom_padding_phone=&#8221;|30px||30px||true&#8221; border_radii=&#8221;on|10px|10px|10px|10px&#8221; [&hellip;]\" \/>\n<meta property=\"og:url\" content=\"https:\/\/veterinakg.co.rs\/index.php\/interna\/\" \/>\n<meta property=\"og:site_name\" content=\"Veterinarska ambulanta\" \/>\n<meta property=\"article:modified_time\" content=\"2020-07-02T08:37:55+00:00\" \/>\n<meta name=\"twitter:card\" content=\"summary_large_image\" \/>\n<meta name=\"twitter:label1\" content=\"Written by\">\n\t<meta name=\"twitter:data1\" content=\"gamatech\">\n\t<meta name=\"twitter:label2\" content=\"Est. reading time\">\n\t<meta name=\"twitter:data2\" content=\"3 minutes\">\n<script type=\"application\/ld+json\" class=\"yoast-schema-graph\">{\"@context\":\"https:\/\/schema.org\",\"@graph\":[{\"@type\":\"WebSite\",\"@id\":\"https:\/\/veterinakg.co.rs\/#website\",\"url\":\"https:\/\/veterinakg.co.rs\/\",\"name\":\"Veterinarska ambulanta\",\"description\":\"Radi\\u010devi\\u0107\",\"potentialAction\":[{\"@type\":\"SearchAction\",\"target\":\"https:\/\/veterinakg.co.rs\/?s={search_term_string}\",\"query-input\":\"required name=search_term_string\"}],\"inLanguage\":\"en-US\"},{\"@type\":\"WebPage\",\"@id\":\"https:\/\/veterinakg.co.rs\/index.php\/interna\/#webpage\",\"url\":\"https:\/\/veterinakg.co.rs\/index.php\/interna\/\",\"name\":\"Interna - Veterinarska ambulanta\",\"isPartOf\":{\"@id\":\"https:\/\/veterinakg.co.rs\/#website\"},\"datePublished\":\"2020-05-27T08:10:21+00:00\",\"dateModified\":\"2020-07-02T08:37:55+00:00\",\"inLanguage\":\"en-US\",\"potentialAction\":[{\"@type\":\"ReadAction\",\"target\":[\"https:\/\/veterinakg.co.rs\/index.php\/interna\/\"]}]}]}<\/script>\n<!-- \/ Yoast SEO plugin. -->","_links":{"self":[{"href":"https:\/\/veterinakg.co.rs\/index.php\/wp-json\/wp\/v2\/pages\/413"}],"collection":[{"href":"https:\/\/veterinakg.co.rs\/index.php\/wp-json\/wp\/v2\/pages"}],"about":[{"href":"https:\/\/veterinakg.co.rs\/index.php\/wp-json\/wp\/v2\/types\/page"}],"author":[{"embeddable":true,"href":"https:\/\/veterinakg.co.rs\/index.php\/wp-json\/wp\/v2\/users\/1"}],"replies":[{"embeddable":true,"href":"https:\/\/veterinakg.co.rs\/index.php\/wp-json\/wp\/v2\/comments?post=413"}],"version-history":[{"count":14,"href":"https:\/\/veterinakg.co.rs\/index.php\/wp-json\/wp\/v2\/pages\/413\/revisions"}],"predecessor-version":[{"id":1632,"href":"https:\/\/veterinakg.co.rs\/index.php\/wp-json\/wp\/v2\/pages\/413\/revisions\/1632"}],"wp:attachment":[{"href":"https:\/\/veterinakg.co.rs\/index.php\/wp-json\/wp\/v2\/media?parent=413"}],"curies":[{"name":"wp","href":"https:\/\/api.w.org\/{rel}","templated":true}]}}